{"id":1015,"date":"2023-11-16T11:57:01","date_gmt":"2023-11-16T14:57:01","guid":{"rendered":"https:\/\/tcg.adv.br\/adv\/?page_id=1015"},"modified":"2023-11-16T19:55:41","modified_gmt":"2023-11-16T22:55:41","slug":"direito-empresarial","status":"publish","type":"page","link":"https:\/\/tcg.adv.br\/adv\/direito-empresarial\/","title":{"rendered":"Direito Empresarial"},"content":{"rendered":"\t\t<div data-elementor-type=\"wp-page\" data-elementor-id=\"1015\" class=\"elementor elementor-1015\">\n\t\t\t\t<div class=\"elementor-element elementor-element-727acc8 e-flex e-con-boxed e-con e-parent\" data-id=\"727acc8\" data-element_type=\"container\" data-e-type=\"container\">\n\t\t\t\t\t<div class=\"e-con-inner\">\n\t\t<div class=\"elementor-element elementor-element-945ccaa e-flex e-con-boxed e-con e-child\" data-id=\"945ccaa\" data-element_type=\"container\" data-e-type=\"container\">\n\t\t\t\t\t<div class=\"e-con-inner\">\n\t\t\t\t<div class=\"elementor-element elementor-element-c50547c elementor-widget-divider--view-line elementor-widget elementor-widget-divider\" data-id=\"c50547c\" data-element_type=\"widget\" data-e-type=\"widget\" data-widget_type=\"divider.default\">\n\t\t\t\t<div class=\"elementor-widget-container\">\n\t\t\t\t\t\t\t<div class=\"elementor-divider\">\n\t\t\t<span class=\"elementor-divider-separator\">\n\t\t\t\t\t\t<\/span>\n\t\t<\/div>\n\t\t\t\t\t\t<\/div>\n\t\t\t\t<\/div>\n\t\t\t\t\t<\/div>\n\t\t\t\t<\/div>\n\t\t\t\t\t<\/div>\n\t\t\t\t<\/div>\n\t\t<div class=\"elementor-element elementor-element-cb5f8ab e-flex e-con-boxed e-con e-parent\" data-id=\"cb5f8ab\" data-element_type=\"container\" data-e-type=\"container\">\n\t\t\t\t\t<div class=\"e-con-inner\">\n\t\t<div class=\"elementor-element elementor-element-7f8c8ed e-con-full e-flex e-con e-child\" data-id=\"7f8c8ed\" data-element_type=\"container\" data-e-type=\"container\">\n\t\t\t\t<div class=\"elementor-element elementor-element-a742ca2 elementor-widget elementor-widget-heading\" data-id=\"a742ca2\" data-element_type=\"widget\" data-e-type=\"widget\" data-widget_type=\"heading.default\">\n\t\t\t\t<div class=\"elementor-widget-container\">\n\t\t\t\t\t<h2 class=\"elementor-heading-title elementor-size-default\">Direito Empresarial<\/h2>\t\t\t\t<\/div>\n\t\t\t\t<\/div>\n\t\t\t\t<\/div>\n\t\t<div class=\"elementor-element elementor-element-e2e5147 e-con-full e-flex e-con e-child\" data-id=\"e2e5147\" data-element_type=\"container\" data-e-type=\"container\">\n\t\t\t\t<div class=\"elementor-element elementor-element-2733d8c elementor-widget elementor-widget-text-editor\" data-id=\"2733d8c\" data-element_type=\"widget\" data-e-type=\"widget\" data-widget_type=\"text-editor.default\">\n\t\t\t\t<div class=\"elementor-widget-container\">\n\t\t\t\t\t\t\t\t\t<p>Ramo do direito que regulamenta as atividades das empresas, abrangendo quest\u00f5es como contratos, sociedades, propriedade intelectual e fal\u00eancias.<\/p><p><span style=\"color: var( --e-global-color-text ); font-family: var( --e-global-typography-text-font-family ), Sans-serif; font-size: var( --e-global-typography-text-font-size ); font-weight: var( --e-global-typography-text-font-weight ); text-align: var(--text-align); letter-spacing: 0px;\">Recupera\u00e7\u00e3o de empresas e fal\u00eancia: Atuamos em processos em que busca-se reorganizar a empresa, especialmente seu passivo, visando sua reestrutura\u00e7\u00e3o financeira.<\/span><\/p><p><span style=\"color: var( --e-global-color-text ); font-family: var( --e-global-typography-text-font-family ), Sans-serif; font-size: var( --e-global-typography-text-font-size ); font-weight: var( --e-global-typography-text-font-weight ); text-align: var(--text-align); letter-spacing: 0px;\">Responsabilidade Civil da Empresa: A responsabilidade civil da empresa refere-se \u00e0 obriga\u00e7\u00e3o legal de reparar danos causados a terceiros em decorr\u00eancia de suas atividades, seja por a\u00e7\u00e3o ou omiss\u00e3o, podendo ser de natureza contratual ou extracontratual.<\/span><\/p><p><span style=\"color: var( --e-global-color-text ); font-family: var( --e-global-typography-text-font-family ), Sans-serif; font-size: var( --e-global-typography-text-font-size ); font-weight: var( --e-global-typography-text-font-weight ); text-align: var(--text-align); letter-spacing: 0px;\">Contratos empresariais: Possu\u00edmos equipe especializada para atuar em acordos firmados entre empresas para regular rela\u00e7\u00f5es comerciais, como compra e venda de produtos, presta\u00e7\u00e3o de servi\u00e7os, parcerias, fornecimento de insumos, hipotecas, aliena\u00e7\u00f5es fiduci\u00e1rias, \u201cBuilt to suit\u201d e todas as outras esp\u00e9cies de contratos (t\u00edpicos ou at\u00edpicos) da vida empresarial.<\/span><\/p>\t\t\t\t\t\t\t\t<\/div>\n\t\t\t\t<\/div>\n\t\t\t\t<\/div>\n\t\t\t\t\t<\/div>\n\t\t\t\t<\/div>\n\t\t\t\t<\/div>\n\t\t","protected":false},"excerpt":{"rendered":"<p>Direito Empresarial Ramo do direito que regulamenta as atividades das empresas, abrangendo quest\u00f5es como contratos, sociedades, propriedade intelectual e fal\u00eancias. Recupera\u00e7\u00e3o de empresas e fal\u00eancia: Atuamos em processos em que busca-se reorganizar a empresa, especialmente seu passivo, visando sua reestrutura\u00e7\u00e3o financeira. Responsabilidade Civil da Empresa: A responsabilidade civil da empresa refere-se \u00e0 obriga\u00e7\u00e3o legal de [&hellip;]<\/p>\n","protected":false},"author":1,"featured_media":0,"parent":0,"menu_order":0,"comment_status":"closed","ping_status":"closed","template":"elementor_header_footer","meta":{"footnotes":""},"class_list":["post-1015","page","type-page","status-publish","hentry"],"_links":{"self":[{"href":"https:\/\/tcg.adv.br\/adv\/wp-json\/wp\/v2\/pages\/1015","targetHints":{"allow":["GET"]}}],"collection":[{"href":"https:\/\/tcg.adv.br\/adv\/wp-json\/wp\/v2\/pages"}],"about":[{"href":"https:\/\/tcg.adv.br\/adv\/wp-json\/wp\/v2\/types\/page"}],"author":[{"embeddable":true,"href":"https:\/\/tcg.adv.br\/adv\/wp-json\/wp\/v2\/users\/1"}],"replies":[{"embeddable":true,"href":"https:\/\/tcg.adv.br\/adv\/wp-json\/wp\/v2\/comments?post=1015"}],"version-history":[{"count":7,"href":"https:\/\/tcg.adv.br\/adv\/wp-json\/wp\/v2\/pages\/1015\/revisions"}],"predecessor-version":[{"id":1171,"href":"https:\/\/tcg.adv.br\/adv\/wp-json\/wp\/v2\/pages\/1015\/revisions\/1171"}],"wp:attachment":[{"href":"https:\/\/tcg.adv.br\/adv\/wp-json\/wp\/v2\/media?parent=1015"}],"curies":[{"name":"wp","href":"https:\/\/api.w.org\/{rel}","templated":true}]}}